dreds digit of 124141?
1
What is the ten thousands digit of 1125899?
2
What is the hundred thousands digit of 148343?
1
What is the ten thousands digit of 432933?
3
What is the hundreds digit of 69526?
5
What is the ten thousands digit of 2012155?
1
What is the thousands digit of 105384?
5
What is the hundreds digit of 435314?
3
What is the millions digit of 2934572?
2
What is the units digit of 353443?
3
What is the millions digit of 1095356?
1
What is the units digit of 10659585?
5
What is the tens digit of 449905?
0
What is the ten thousands digit of 18778010?
7
What is the thousands digit of 2501861?
1
What is the tens digit of 5468163?
6
What is the hundred thousands digit of 3978317?
9
What is the thousands digit of 34812?
4
What is the units digit of 323909?
9
What is the hundreds digit of 893395?
3
What is the thousands digit of 199164?
9
What is the millions digit of 2196509?
2
What is the hundreds digit of 547606?
6
What is the hundred thousands digit of 3730554?
7
What is the millions digit of 1366362?
1
What is the ten thousands digit of 20205?
2
What is the millions digit of 1147941?
1
What is the ten thousands digit of 155329?
5
What is the hundred thousands digit of 202007?
2
What is the thousands digit of 240933?
0
What is the thousands digit of 1473476?
3
What is the tens digit of 1538908?
0
What is the units digit of 1426401?
1
What is the tens digit of 88178?
7
What is the units digit of 1049498?
8
What is the units digit of 20527643?
3
What is the units digit of 780817?
7
What is the millions digit of 2145359?
2
What is the thousands digit of 192711?
2
What is the tens digit of 6478?
7
What is the thousands digit of 5488106?
8
What is the thousands digit of 938540?
8
What is the tens digit of 128409?
0
What is the hundreds digit of 193770?
7
What is the hundreds digit of 13454810?
8
What is the thousands digit of 3420858?
0
What is the hundred thousands digit of 100488?
1
What is the thousands digit of 13985527?
5
What is the hundred thousands digit of 3122896?
1
What is the units digit of 4017?
7
What is the tens digit of 217581?
8
What is the ten thousands digit of 1448979?
4
What is the hundreds digit of 2962533?
5
What is the thousands digit of 9555052?
5
What is the ten millions digit of 17363293?
1
What is the millions digit of 6569949?
6
What is the hundred thousands digit of 267032?
2
What is the tens digit of 984430?
3
What is the hundreds digit of 2579826?
8
What is the hundreds digit of 534288?
2
What is the tens digit of 1047230?
3
What is the hundred thousands digit of 200630?
2
What is the ten thousands digit of 324655?
2
What is the tens digit of 241758?
5
What is the hundreds digit of 287569?
5
What is the ten thousands digit of 2999257?
9
What is the ten thousands digit of 8929527?
2
What is the hundreds digit of 62572?
5
What is the hundred thousands digit of 2428258?
4
What is the millions digit of 2458687?
2
What is the hundred thousands digit of 537693?
5
What is the units digit of 1022220?
0
What is the tens digit of 494234?
3
What is the hundreds digit of 743915?
9
What is the units digit of 2155474?
4
What is the units digit of 560617?
7
What is the ten thousands digit of 1736866?
3
What is the tens digit of 123657?
5
What is the hundreds digit of 217201?
2
What is the millions digit of 21312557?
1
What is the units digit of 1649195?
5
What is the hundred thousands digit of 5215752?
2
What is the tens digit of 870605?
0
What is the units digit of 5693791?
1
What is the ten thousands digit of 2963336?
6
What is the tens digit of 1343514?
1
What is the millions digit of 2910879?
2
What is the tens digit of 3439880?
8
What is the hundred thousands digit of 884583?
8
What is the hundred thousands digit of 5650024?
6
What is the ten thousands digit of 2149756?
4
What is the thousands digit of 14703643?
3
What is the units digit of 29793914?
4
What is the hundreds digit of 7218878?
8
What is the tens digit of 26343821?
2
What is the tens digit of 3676351?
5
What is the hundreds digit of 467365?
3
What is the units digit of 260698?
8
What is the hundreds digit of 5632445?
4
What is the units digit of 325263?
3
What is the hundreds digit of 1367284?
2
What is the thousands digit of 8099134?
9
What is the hundred thousands digit of 9998993?
9
What is the thousands digit of 7677286?
7
What is the tens digit of 178649?
4
What is the thousands digit of 111169?
1
What is the thousands digit of 2970693?
0
What is the tens digit of 2431803?
0
What is the ten thousands digit of 871625?
7
What is the thousands digit of 1140455?
0
What is the hundreds digit of 182049?
0
What is the millions digit of 1284935?
1
What is the hundreds digit of 7685037?
0
What is the tens digit of 3575321?
2
What is the thousands digit of 60760?
0
What is the millions digit of 1619574?
1
What is the hundreds digit of 297015?
0
What is the units digit of 744427?
7
What is the thousands digit of 8171146?
1
What is the millions digit of 1367575?
1
What is the thousands digit of 454181?
4
What is the units digit of 23246452?
2
What is the hundreds digit of 672324?
3
What is the hundred thousands digit of 831588?
8
What is the units digit of 138122?
2
What is the hundreds digit of 721346?
3
What is the tens digit of 5064500?
0
What is the thousands digit of 102955?
2
What is the millions digit of 1207285?
1
What is the ten thousands digit of 228408?
2
What is the hundred thousands digit of 324720?
3
What is the thousands digit of 1274415?
4
What is the hundred thousands digit of 1724490?
7
What is the hundred thousands digit of 3725141?
7
What is the tens digit of 3329072?
7
What is the hundred thousands digit of 1468243?
4
What is the ten thousands digit of 433795?
3
What is the ten thousands digit of 641538?
4
What is the units digit of 3956382?
2
What is the millions digit of 1023722?
1
What is the hundreds digit of 12369?
3
What is the units digit of 1653661?
1
What is the hundreds digit of 7838815?
8
What is the ten thousands digit of 3247384?
4
What is the tens digit of 3370698?
9
What is the ten thousands digit of 16361706?
6
What is the tens digit of 253519?
1
What is the units digit of 65163?
3
What is the thousands digit of 741882?
1
What is the millions digit of 1972142?
1
What is the hundred thousands digit of 12370714?
3
What is the thousands digit of 618545?
8
What is the units digit of 20280?
0
What is the hundred thousands digit of 825559?
8
What is the hundreds digit of 18392464?
4
What is the thousands digit of 251793?
1
What is the tens digit of 210766?
6
What is the hundreds digit of 177184?
1
What is the hundreds digit of 2272656?
6
What is the units digit of 2963424?
4
What is the units digit of 16200978?
8
What is the hundred thousands digit of 464154?
4
What is the millions digit of 4023636?
4
What is the hundred thousands digit of 1134630?
1
What is the hundred thousands digit of 17893054?
8
What is the units digit of 14961886?
6
What is the thousands digit of 36527?
6
What is the units digit of 2557909?
9
What is the ten thousands digit of 565564?
6
What is the units digit of 282077?
7
What is the hundreds digit of 188109?
1
What is the hundreds digit of 3006794?
7
What is the hundred thousands digit of 3929395?
9
What is the ten thousands digit of 3250546?
5
What is the thousands digit of 277983?
7
What is the millions digit of 4031811?
4
What is the hundred thousands digit of 2721244?
7
What is the millions digit of 13472511?
3
What is the hundreds digit of 114147?
1
What is the units digit of 1694651?
1
What is the hundred thousands digit of 940051?
9
What is the hundred thousands digit of 26294558?
2
What is the hundred thousands digit of 339250?
3
What is the hundreds digit of 43919?
9
What is the hundred thousands digit of 621788?
6
What is the hundred thousands digit of 387188?
3
What is the units digit of 3123640?
0
What is the hundred thousands digit of 3180089?
1
What is the hundred thousands digit of 18589496?
5
What is the units digit of 242753?
3
What is the units digit of 360279?
9
What is the millions digit of 3685816?
3
What is the tens digit of 10588471?
7
What is the hundred thousands digit of 1579627?
5
What is the hundred thousands digit of 2488282?
4
What is the ten thousands digit of 3288767?